osite number?
True
Is 229458/12 + 15/10 a prime number?
False
Is (-50)/(-10) + (3583 - 1) a composite number?
True
Suppose 27 + 9 = 4*o. Suppose -y = -5*g + 743, -3*y - 824 = 4*g + 1348. Let n = o - y. Is n prime?
False
Let z = 16529 + -11172. Is z composite?
True
Suppose 7*y = 2*y + 4*l + 1483, -y + 4*l + 287 = 0. Suppose -37*u = 2280 + 3270. Let x = y + u. Is x prime?
True
Let o be ((-3)/(-2))/(8/(896/(-3))). Let h = o - -255. Is h prime?
True
Is (-1)/((-8)/(-2))*-4*3946 prime?
False
Let d(s) = -s**3 + 35*s**2 + 22*s + 45. Is d(34) a composite number?
False
Suppose 643704 = -55*t + 79*t. Is t a composite number?
False
Suppose 0 = a - 4*m - 9, -5*a + 3*m - 2 - 4 = 0. Let f be (-5)/(-2)*(a - -1). Is (-7)/(-35) + (-464)/f a composite number?
True
Let s(h) = 33*h**2 - 3*h - 49. Is s(-21) prime?
False
Suppose 2 = -4*m + 5*m. Suppose -4*x = -m*x. Is 359 + x + (-1 - 3) composite?
True
Is 3549 + 3 + 5 + -6 composite?
True
Suppose -2*x + 5*x + 5*a = 3960, -5*x = -4*a - 6563. Is x composite?
True
Suppose 4*m - 2*x = 12, -m + 2*x + 2 = x. Let u(b) = -b**2 + 3*b + 4. Let l be u(m). Let i(d) = -2*d + 19. Is i(l) a composite number?
False
Suppose -4*p = -z - 9327, -p + z = -z - 2323. Is p prime?
True
Let z(u) = -6 + 32*u + 240*u + 85*u - 4. Is z(3) a prime number?
True
Let b = -14 - -19. Suppose 0 = -3*d + b + 4. Suppose 0 = -d*o + 22 + 11. Is o a prime number?
True
Let r be 6/10 + 73765/(-25). Is r/(-14) + 4/14 a composite number?
False
Is ((-9)/18)/(-1)*119516/2 a prime number?
True
Let i = -9 + 3. Let l(q) = -49*q + 4. Let z(b) = 25*b - 2. Let m(n) = i*l(n) - 13*z(n). Is m(-5) a composite number?
False
Is 2/20*2 - (-21248)/160 composite?
True
Let m(z) be the first derivative of 8*z**3 + z**2/2 - 4*z + 18. Is m(-3) prime?
False
Suppose 5*z = -0*z + 15. Suppose -4*p = 2*j, j = z*p - 0*j. Suppose 0 = -n, p*n - 5*n + 740 = 4*a. Is a a prime number?
False
Let t = 179 - -1. Suppose -t = 3*f - 0*f. Let g = f + 157. Is g prime?
True
Suppose -x = -0*x - 6. Is -211*(1 + -2)*(-5 + x) a prime number?
True
Suppose 4*z - 12 = 2*j + 8, 2 = -2*z - 2*j. Let c(g) = 467*g**2 + 6*g + 15. Let u(m) = 156*m**2 + 2*m + 5. Let n(o) = 6*c(o) - 17*u(o). Is n(z) prime?
True
Let n(k) be the first derivative of k**6/36 + 5*k**4/24 - 4*k**3/3 + 3. Let t(s) be the third derivative of n(s). Is t(-6) composite?
True
Let l(i) = i**2 - 10*i + 14. Let h be l(6). Let m(v) = -v - 16. Let z be m(h). Is z + 6/2 - -25 a prime number?
False
Suppose -10 = -c + 2*c + 2*w, -2*c - 3*w = 15. Suppose -5*v + 225 = 4*z, c = 2*v - z + 4*z - 97. Let p = -18 + v. Is p composite?
False
Let q(d) = -d**2 - 16*d + 4. Let x be q(-16). Let w be x/(-14) + 2954/49. Suppose 3*l = 5*m + 522, l - 4*m + w - 227 = 0. Is l composite?
False
Suppose -2*p = 2*k - 5 - 33, k + 4*p - 34 = 0. Let o(z) = -z**3 + 20*z**2 - 29*z - 3. Is o(k) prime?
False
Suppose x + 0*u - 22 = 4*u, 0 = 5*x - 5*u - 95. Let h = x + -14. Suppose 0 = 3*q - 12, 538 = h*a - 5*q - 782. Is a prime?
False
Suppose i + 4*b + 13 = -10, -i - 5*b - 28 = 0. Is 3838/57 - (-1)/i a composite number?
False
Let l(t) = -441*t - 124. Is l(-5) a composite number?
False
Let n(s) = -3*s + 26. Let k be n(8). Suppose -5*i = -k*f + 393, -f - i + 86 = -128. Is f prime?
False
Suppose 166*p - 148*p = 392346. Is p composite?
True
Let r(t) = -3*t - 44. Let u be (-3)/(45/(-66))*-5. Is r(u) prime?
False
Suppose 0 = 18*s - 16*s - 72. Suppose 0 = 3*a + 9 + 6. Let b = s + a. Is b composite?
False
Let r be -4 + (-4)/(-2) + 7. Suppose -18 = -r*y + 32. Is y a prime number?
False
Suppose 0 = -g - 1, -2*g - g + 1282 = l. Suppose 52*b - 53*b + l = 0. Is b a composite number?
True
Let w(x) = 313*x**3 + 16*x**2 - 61*x - 17. Is w(4) prime?
False
Suppose -4*j + j + 24 = 0. Is 1690/j - 5/20 prime?
True
Let c(b) = 3*b**2 + b + 2. Let v be c(-1). Suppose -v*f + 1720 = 2*z, 4*f = -4*z - z + 1714. Is f a composite number?
False
Let f = 34361 + -21650. Suppose -6*g + f = 13*g. Is g prime?
False
Suppose -3*g - 6 = -g, -5*u = -2*g - 9101. Is u prime?
False
Let d(q) = 31*q**2 - q - 3. Suppose 0 = -2*j - 2*z - 10, -6*j + 2*z = -3*j. Is d(j) prime?
False
Is -1 - (-336162)/15 - (-4)/(-5) a prime number?
True
Suppose -t + 940 = 4*t. Suppose -71 = -y + t. Suppose -3*z = -y - 20. Is z a composite number?
True
Suppose -4*z = -z + 12. Let v be (-150)/z*6/9. Let s = 162 + v. Is s a composite number?
True
Suppose 2*t + 6*t - 13544 = 0. Is t a prime number?
True
Is (13743/(-54))/(2/(-44)) a prime number?
False
Suppose 7*o - 37*o + 29940 = 0. Is o a prime number?
False
Let x be 83918/7 - -6*1/(-21). Is x/16 + (-2)/8 composite?
True
Suppose 0 = 4*i - 2*r + 16, 0 = 6*i - i - 5*r + 30. Let o(l) be the second derivative of 29*l**4/12 - l**3/3 - l**2 - 9*l. Is o(i) a prime number?
False
Let a(o) be the second derivative of -o**6/80 + 7*o**5/120 - o**4/2 + o. Let s(d) be the third derivative of a(d). Is s(-3) a composite number?
True
Suppose -5149 = -3*b - 5*k, 3*k + 0 = -12. Is b prime?
True
Suppose 2753 = 6*z - 19909. Is z a composite number?
True
Suppose 4*v + 4*a = -0*v, a + 5 = 0. Suppose 5*b = -5*y + 1110, 641 = v*y - 2*y - 2*b. Suppose -2*o + y - 39 = 0. Is o a prime number?
True
Let c = 6803 - 3732. Is c a prime number?
False
Let d = -88 + 3351. Is d composite?
True
Let v(b) = -35*b**3 + b**2 + 35*b - 12. Is v(-5) prime?
False
Suppose 15 = -5*d - 5. Let z be (-6)/24 - 9/d. Is z - -1 - 16*-13 composite?
False
Is (1/(-3))/(8/(-766248)) a composite number?
True
Let v = 12042 - 7291. Is v composite?
False
Suppose 0 = 680*u - 670*u - 63890. Is u composite?
False
Let g = 1320 - 799. Is g a composite number?
False
Let y be -3 - (5 + 3)*2/(-4). Is y*2*(2043/6 - 2) composite?
False
Let r = 186679 + -99866. Is r a prime number?
True
Suppose s = -s + 12. Suppose 3746 = s*p - 976. Is p a prime number?
True
Let k = 17 - 21. Let w(s) = s**3 + 7*s**2 - 6*s - 1. Is w(k) a prime number?
True
Suppose -216*f + 10899 = -207*f. Is f a composite number?
True
Let v(l) = l**2 + 6*l - 13. Let a be v(-8). Suppose -a*o - 191 = -4*o. Is o prime?
True
Let a be 3*3/(-9)*-59. Let j = -141 - -354. Suppose -2*m - a = -j. Is m a composite number?
True
Let r(o) = -11*o**3 - 2*o**2 - 6*o + 10. Let k be r(4). Let b = 2585 + k. Is b composite?
True
Suppose -269335 = -44*t - 43571. Is t composite?
True
Suppose h + h + 48 = 0. Let m = -20 - h. Is 264 - m/4*1 a prime number?
True
Let r(j) = -3171*j**3 + 7*j**2 + 7*j + 5. Is r(-2) composite?
True
Is 237351/27 - ((-80)/36)/10 a composite number?
True
Let k = 159 - -32. Suppose 1006 = 5*a + k. Is a a composite number?
False
Is (-1 - -4)*7/(21/58) composite?
True
Suppose -15*u + 37451 = 2*u. Is u a prime number?
True
Let s(h) be the second derivative of h**5/60 - h**4/12 + 11*h**3/6 + 7*h**2/2 + 5*h. Let l(q) be the first derivative of s(q). Is l(10) prime?
False
Let b be -4 + (-2)/2 - -3. Let p = 81 - 58. Is p - (b - -3*2) a composite number?
False
Let f(u) = 810*u + 583. Is f(14) a prime number?
True
Let d = -53 - -38. Let m be (-10415)/d - (-1)/(-3). Suppose -m = -5*o + 376. Is o composite?
True
Suppose -4*d + 37 = f, -6*d + 47 = -d + f. Let k(s) = 33*s - 23. Is k(d) composite?
False
Let u(i) = 405*i - 1. Let x be u(7). Suppose 3*h + 1408 = 2*r - 481, -4*h - x = -3*r. Let v = -515 + r. Is v composite?
False
Let b = 833 - 12. Is b prime?
True
Suppose l - 843 - 773 = 0. Suppose 4*u - 839 = -w + l, -3*u + w = -1850. Suppose 3*o - 426 - u = 0. Is o composite?
False
Suppose -5*g - 5*c = -136610, -3*g - 4*c = -42824 - 39141. Is g a prime number?
False
Let a be (-19)/3 - 1/(-3). Is 3*4/a - -721 a prime number?
True
Let p(k) = -195*k. Let s be p(-3). Let v = s + -308. Suppose 357 = 4*m - 5*l - v, -2*m + 330 = 4*l. Is m a composite number?
True
Let f(k) = 54*k**2 - 6*k - 7. Let m(q) = q**3 + 10*q**2 - q - 12. Let j be m(-10). Is f(j) a prime number?
False
Is -1*(0 - 5)/((-18)/(-12618)) a prime number?
False
Let w be (7 + -3 - -613) + 2. Suppose 0 = 6*h + w - 3187. Is h*(-4)/((-48)/21) prime?
False
Is 144/24 + (20463 - (-1 + 1)) composite?
True
Let c(q) = q + 21. Let y be c(-21). Is 6 - -943 - (y - -2) a prime number?
True
Let n(f) = -f + 5. Let h be n(4). Let o = h - -4. Suppose 41 = 2*g - g - x, 0 = -o*g - 4*x + 169. Is g a composite number?
False
Let w = 4443 - 1522. Is w a prime number?
False
Let x = -8